83
Calculate the greatest common divisor of 1490 and 95807.
149
What is the greatest common divisor of 3424 and 576302?
214
Calculate the highest common divisor of 36 and 205722.
18
What is the highest common divisor of 18672 and 136539?
1167
Calculate the greatest common divisor of 12015 and 4455.
135
What is the highest common factor of 26 and 77389?
13
Calculate the highest common divisor of 168072 and 18327.
447
What is the greatest common divisor of 113701 and 91?
7
Calculate the highest common factor of 4033 and 74.
37
Calculate the greatest common divisor of 66068 and 15124.
796
What is the highest common factor of 40 and 3940?
20
What is the highest common factor of 14630 and 3230?
190
Calculate the highest common factor of 357 and 49203.
21
What is the highest common factor of 108335 and 3995?
235
Calculate the greatest common divisor of 650 and 470.
10
Calculate the highest common divisor of 120 and 573912.
24
Calculate the highest common factor of 203 and 4495.
29
What is the greatest common factor of 132780 and 24?
12
Calculate the highest common divisor of 795487 and 231.
77
Calculate the greatest common factor of 5 and 7891820.
5
Calculate the greatest common divisor of 103842 and 3618.
54
What is the highest common divisor of 11139 and 752?
47
Calculate the highest common divisor of 368 and 9728.
16
Calculate the highest common divisor of 34 and 18197446.
34
What is the highest common divisor of 21808 and 39574?
94
Calculate the highest common divisor of 1111070 and 30.
10
What is the greatest common factor of 2 and 3927650?
2
Calculate the highest common factor of 754 and 2496.
26
What is the highest common factor of 25 and 44675?
25
Calculate the greatest common divisor of 8221 and 2.
1
What is the greatest common divisor of 114906 and 12738?
66
What is the highest common divisor of 197 and 206653?
197
Calculate the highest common divisor of 16124 and 43964.
116
Calculate the greatest common divisor of 2675 and 3700.
25
What is the greatest common divisor of 5612 and 644?
92
Calculate the greatest common factor of 1276 and 1892.
44
Calculate the greatest common divisor of 1195 and 469157.
239
Calculate the highest common factor of 62130 and 69978.
654
Calculate the highest common factor of 169248 and 48.
48
What is the greatest common factor of 25112 and 4472?
344
What is the greatest common factor of 15916 and 2852?
92
What is the highest common divisor of 615 and 221820?
15
What is the highest common divisor of 106300 and 700?
100
What is the greatest common factor of 116696 and 3480?
232
Calculate the highest common factor of 1260 and 73360.
140
Calculate the greatest common divisor of 57 and 522633.
57
What is the greatest common factor of 107299 and 1403?
61
Calculate the greatest common divisor of 305 and 488305.
305
What is the highest common factor of 11305 and 22933?
323
What is the highest common factor of 8808 and 402?
6
Calculate the greatest common divisor of 510 and 7197970.
170
Calculate the highest common factor of 458904 and 18.
6
What is the highest common factor of 1640 and 307336?
328
Calculate the greatest common divisor of 333 and 92727.
9
Calculate the greatest common factor of 4900 and 323225.
175
Calculate the greatest common divisor of 71 and 523.
1
Calculate the greatest common divisor of 2415 and 5565.
105
What is the highest common factor of 163 and 348?
1
Calculate the highest common divisor of 4941 and 4131.
81
Calculate the greatest common factor of 33108 and 2604.
372
Calculate the greatest common divisor of 942 and 2594582.
314
What is the greatest common factor of 6448 and 848?
16
What is the highest common divisor of 13944 and 1752?
24
What is the greatest common divisor of 1424 and 30438?
178
Calculate the highest common factor of 38052 and 2457.
63
What is the greatest common factor of 1304961 and 21?
21
Calculate the greatest common divisor of 50 and 147685.
5
Calculate the highest common divisor of 369 and 387.
9
What is the greatest common factor of 4561031 and 61?
61
Calculate the highest common factor of 145 and 88073.
29
Calculate the greatest common divisor of 852125 and 10827.
401
Calculate the greatest common divisor of 78 and 103350.
78
What is the highest common factor of 286 and 333814?
26
Calculate the highest common factor of 352 and 3157.
11
What is the highest common divisor of 5670 and 24192?
378
Calculate the greatest common factor of 1316 and 201572.
28
Calculate the highest common divisor of 11688 and 4044.
12
What is the greatest common divisor of 1824 and 211008?
96
What is the greatest common factor of 3803353 and 181?
181
Calculate the highest common divisor of 8064 and 6624.
288
Calculate the greatest common divisor of 48 and 17571.
3
Calculate the highest common divisor of 8 and 2038.
2
What is the greatest common factor of 3600 and 34605?
45
What is the greatest common divisor of 1200 and 4140?
60
What is the greatest common factor of 348 and 31900?
116
Calculate the highest common factor of 65892 and 22287.
969
What is the highest common divisor of 16 and 15896?
8
What is the highest common divisor of 13356 and 2892?
12
Calculate the greatest common divisor of 2064 and 234.
6
What is the highest common divisor of 596560 and 1720?
40
What is the highest common factor of 1320 and 2844?
12
What is the highest common factor of 68277 and 33?
33
Calculate the highest common factor of 3528048 and 7440.
1488
Calculate the greatest common divisor of 710 and 1522595.
355
Calculate the greatest common factor of 14630 and 1216.
38
Calculate the highest common factor of 21222 and 324.
162
What is the greatest common factor of 979 and 11303?
89
Calculate the highest common divisor of 174 and 2916.
6
What is the highest common divisor of 3157 and 51086?
287
Calculate the highest common factor of 17 and 202691.
17
What is the highest common divisor of 2656 and 1269734?
166
What is the highest common divisor of 204 and 26688?
12
What is the greatest common factor of 91 and 40027?
13
What is the highest common factor of 31844 and 152?
76
Calculate the greatest common divisor of 1936 and 53152.
176
What is the greatest common divisor of 46123 and 99?
11
What is the highest common factor of 22 and 662024?
22
Calculate the highest common divisor of 47488 and 265.
53
What is the highest common divisor of 14885 and 259915?
1145
Calculate the greatest common divisor of 39234 and 1758.
6
What is the highest common divisor of 144 and 6084?
36
What is the highest common divisor of 44 and 1150?
2
Calculate the greatest common factor of 176 and 16136.
8
What is the highest common factor of 13945 and 45?
5
Calculate the greatest common factor of 195607 and 86.
43
What is the greatest common factor of 15 and 240090?
15
Calculate the highest common factor of 8664 and 300504.
456
Calculate the greatest common factor of 332906 and 2212.
1106
Calculate the highest common factor of 197526 and 42.
42
What is the greatest common factor of 2527 and 14098?
133
What is the greatest common factor of 46710 and 810?
270
What is the greatest common divisor of 35 and 20665575?
35
What is the greatest common divisor of 107 and 663507?
107
What is the highest common factor of 416740 and 12060?
1340
What is the highest common divisor of 3146 and 1560?
26
What is the highest common divisor of 275 and 9768?
11
Calculate the greatest common divisor of 111311 and 1264.
79
What is the highest common factor of 632 and 1013254?
158
What is the greatest common factor of 81 and 707067?
9
Calculate the highest common factor of 75718 and 262.
262
What is the highest common factor of 13 and 138606?
13
Calculate the highest common factor of 3 and 10956.
3
Calculate the highest common divisor of 192995 and 1160.
145
Calculate the highest common divisor of 51675 and 12084.
159
Calculate the highest common factor of 720 and 31860.
180
Calculate the greatest common factor of 2535 and 663.
39
What is the highest common divisor of 14478 and 1524?
762
What is the greatest common divisor of 343083 and 57?
57
What is the highest common factor of 2448243 and 378?
63
What is the highest common factor of 56 and 692020?
28
What is the greatest common divisor of 8659 and 245?
7
Calculate the greatest common divisor of 7850 and 1082